d d.
19
Suppose 8*k = 3*k - 5*l + 780, 162 = k + 3*l. What is the greatest common divisor of k and 17?
17
Suppose 5*a - 20 = 0, 4*f + a + a - 108 = 0. Let o = 40 - f. What is the greatest common factor of 60 and o?
15
Let w = 16 + 17. Suppose 3*v - w = -3. Suppose j - 5*j + l + 121 = 0, 5*l - 25 = -j. What is the greatest common divisor of v and j?
10
Let p(v) = v**2 - 2. Let l be p(-2). Suppose -d = -3*b + 72, -l*b + 22 = -4*d - 26. What is the highest common factor of 16 and b?
8
Suppose 4*s + j - 25 = 4*j, 0 = -4*j + 20. Calculate the highest common divisor of s and 90.
10
Let x = 13 + -9. Suppose -v + 4*p = 16, -x*v + 2*p - p - 4 = 0. Suppose v = 4*g - 35 - 13. What is the highest common divisor of 108 and g?
12
Suppose -4*t + 3*q = -473, -q = -2*t + 45 + 192. Calculate the highest common factor of t and 17.
17
Let u(g) = g**3 + 3*g**2 + 2. Let o be u(-3). Suppose 2*m = 4*k + 32, 0*m - 5*k - 19 = -m. What is the greatest common divisor of o and m?
2
Let b = 115 - 73. Let s = 35 + b. What is the greatest common factor of 7 and s?
7
Suppose 0 = -40*g + 44*g - 416. What is the highest common divisor of g and 13?
13
Suppose t = -5*t. Suppose 0 = -4*l - t*l + 200. Calculate the highest common divisor of l and 125.
25
Suppose 13 = -0*a + a. What is the greatest common factor of 52 and a?
13
Suppose -6 = m - 2. Let l be ((-6)/m + -2)*-8. Suppose -24 = i - l*i. What is the highest common factor of i and 8?
8
Let z = 69 - -179. Calculate the greatest common divisor of 31 and z.
31
Let q(k) = 2*k**2 + 4 + 2*k + 0 - 6*k. Let b be q(-6). What is the greatest common divisor of b and 25?
25
Let b be -1 - 26/(-3) - (-7)/21. Suppose -3*p + 15 + 105 = 0. Suppose p = s + s. Calculate the highest common divisor of s and b.
4
Suppose 204 = 4*o + 6*a - 2*a, -3*a = 4*o - 204. Suppose 2*b + 13 = 3*b - 4*f, 2*b + 2*f - 36 = 0. Calculate the greatest common divisor of b and o.
17
Let y be (-4)/(-10) - (-44)/(-10). Let m = 0 - y. Suppose q - 5*z - 40 = -0, 80 = m*q - 4*z. What is the greatest common divisor of q and 105?
15
Suppose 0 = 2*s + s - 6. Suppose -y - 5*r = -92, -5*y + 5*r + 572 = s*r. What is the highest common divisor of y and 14?
14
Let g = 546 + -378. What is the highest common factor of 24 and g?
24
Let z be (-20)/3*(-7)/(7/12). Calculate the greatest common divisor of z and 16.
16
Let b(k) = -13*k + 1. Let s be b(-1). Calculate the greatest common factor of 2 and s.
2
Let z be 10 - 5 - (-6)/(-2). Let a be z*3/(-6)*-6. What is the greatest common divisor of 6 and a?
6
Let w be 24*((-5)/4 - -2). Let n = 18 - -29. Let b = 119 - n. Calculate the greatest common factor of b and w.
18
Suppose -76 = -3*l - l. What is the highest common divisor of l and 38?
19
Suppose -3*p - 5*x + 692 = 0, -7*p + 2*p + x = -1172. Calculate the highest common factor of p and 26.
26
Suppose 0*a - 5*a = u - 46, 5*a = -2*u + 42. Calculate the highest common factor of 90 and a.
10
Let p = -102 + 168. Calculate the highest common divisor of p and 22.
22
Let x(o) = -o**3 + 7*o**2 + 11*o - 5. Let s be x(8). Suppose 0 = -d + s + 5. Calculate the highest common divisor of 3 and d.
3
Suppose 4*z = -5*r + 421, -3*z + 3*r + r = -308. Calculate the highest common factor of z and 8.
8
Suppose -36*x - 36 = -37*x. What is the greatest common divisor of x and 18?
18
Let j(f) = 7*f**3 + f**2 - f - 1. Let o be j(-1). Let u = 12 + -21. Let a be u/(-6)*(-56)/o. What is the highest common divisor of 14 and a?
14
Let m(t) = -t**2 - 9*t - 15. Let w be m(-6). Let d be (-1)/(-4) + 141/12. Calculate the greatest common factor of w and d.
3
Let y(d) = -d**2 - 6*d + 9. Let k be y(-7). Suppose -2*b + 24 = b. Calculate the greatest common divisor of b and k.
2
Let f(o) = -39*o - 2. Let a(c) = c**3 + c**2 - c - 4. Let s be a(0). Let w be f(s). Calculate the highest common divisor of w and 14.
14
Suppose 171 = 5*y - 154. Calculate the greatest common factor of 13 and y.
13
Let c = 5 + -1. Suppose 5*f - r = -5*r + 524, c*r = 4. What is the highest common divisor of f and 13?
13
Suppose t = 6*t + 5*j - 5, -4*t + 19 = -j. Suppose 5*f - 112 = -4*k, 5*f - k = -6*k + 110. Calculate the greatest common factor of f and t.
4
Let m = 19 - -91. Calculate the highest common divisor of m and 22.
22
Suppose 0 = -2*p + 4*p - 16. Let z(u) = u**2 - 13*u. Let v be z(9). Let q be 8/v + 362/9. What is the greatest common factor of p and q?
8
Let h(l) = l**3 - 6*l**2 - 4*l + 5. Let t be h(7). Suppose c - 3*c = -t. Calculate the greatest common divisor of 65 and c.
13
Suppose o + 3*l = -o + 41, -5*l = -4*o + 27. Suppose c - 572 = -3*c. What is the highest common factor of o and c?
13
Let m(h) = -h**3 - 15*h**2 - 2*h - 21. Let x be m(-15). Calculate the greatest common factor of x and 99.
9
Suppose 0 = 5*g + 3 - 13. Let i = g - -2. Calculate the greatest common factor of 20 and i.
4
Let a be (26/4)/(14/392). What is the greatest common factor of a and 26?
26
Suppose -d + 3*i = -8, -2*i + 4 = -d + 5*d. Let m(l) = -5*l**2 + 5*l**2 + d + l + 3*l**2. Let n be m(3). Calculate the highest common divisor of n and 4.
4
Let b be -3 - 2*(-1)/1. Let l be (-2 - b)*-3*5. Calculate the highest common divisor of l and 60.
15
Suppose 68 = 4*o + 3*s, -4*o + 3*s + 44 = -0*s. Suppose 52 + 88 = 4*g. What is the greatest common factor of g and o?
7
Let z be (-3)/(-12) + 78/8. Suppose 843 + 807 = 3*b. Suppose 3*i = -2*i + b. What is the highest common divisor of i and z?
10
Let p be 4/(-16) - (-386)/8. Suppose -y = -5*y + p. What is the greatest common divisor of y and 6?
6
Let w = -42 + -36. Let o = -42 - w. Suppose o = 5*f - 4*f. Calculate the greatest common divisor of 4 and f.
4
Let y = -33 + 43. Suppose 0 = -2*t + 103 + 37. What is the highest common factor of y and t?
10
Let k = -52 + 94. Calculate the highest common factor of k and 6.
6
Let l(i) = i**2 + 14*i + 1. Let a be l(3). What is the greatest common factor of 65 and a?
13
Let o(v) = v**3 - 13*v**2 + 16*v - 24. Let a be o(12). Suppose 0 = r - 2*r + 36. What is the greatest common factor of a and r?
12
Let s = 4 - 7. Let h(l) = -2*l**3 - l**2 + 3*l - 4. Let d be h(s). Let x = 39 - 23. What is the highest common divisor of x and d?
16
Suppose 2*k - 14 - 46 = 0. Calculate the greatest common divisor of k and 6.
6
Suppose -7*u = -5*u - 28. What is the highest common factor of u and 35?
7
Let n(h) = -h**3 + 20*h**2 + 19*h + 47. Let l be n(21). Calculate the highest common factor of l and 65.
5
Suppose 0 = -3*g - k + 11, 0 = g - 2*k + 1 + 7. Let j be ((-110)/(-3))/(g/6). Calculate the highest common divisor of 10 and j.
10
Let q be (8/(-5))/((-8)/1940). Suppose 0 = -4*o + q + 32. Calculate the highest common divisor of 15 and o.
15
Let m = -31 - -33. Calculate the highest common factor of 2 and m.
2
Let x = -4 + 13. What is the greatest common divisor of 81 and x?
9
Suppose 0 = -4*j + 4*u - 4, -25 = -4*j - 2*u - 5. Calculate the highest common factor of j and 30.
3
Let h = 122 + -113. Calculate the greatest common factor of 3 and h.
3
Let r be (-1)/2 - 98/(-4). What is the greatest common factor of 4 and r?
4
Suppose 4*a - 32 = -5*r, -8 = -4*a - 0*r + r. Suppose 4*k + 12 = 0, -3*f + 13 = a*k - 44. What is the highest common divisor of 33 and f?
11
Let w be 106/4 - (-1)/(-2). Let q(l) = 34*l**2 - l - 1. Let r be q(-1). Suppose -3*k + w = -r. What is the highest common factor of k and 10?
10
Suppose -5*c = 3*d + 4, -2*c = -3*d + 20 + 11. Suppose d + 11 = z. Let y = -62 - -206. Calculate the highest common factor of y and z.
18
Let d(k) = k**2 + 6*k + 5. Let t be d(-6). Let q(a) = 0*a**3 - 4*a - a**3 - 3 + 6*a + 0 + 3*a**2. Let z be q(-3). What is the greatest common factor of t and z?
5
Let u(r) = 9*r + 4. Let c be u(8). Suppose 6*m - 2*m + 3*v - c = 0, 0 = -5*v. What is the greatest common divisor of 57 and m?
19
Let v(s) = s**3 + 3*s**2 + 2*s - 1. Let k be v(-3). Let z = k - -9. Suppose -5*g - z = -7. What is the highest common factor of g and 7?
1
Suppose 3*a = 0, 18 = 3*n - n - 5*a. What is the greatest common factor of 3 and n?
3
Let x(k) = -k**2 - 9*k - 2. Let h be x(-9). Let j be (14/(-1))/(1 + h). What is the highest common divisor of 14 and j?
14
Suppose -2*i + 2*p = 6, 5 = -2*i - 3*i - 5*p. Let k be (-723)/(-15) - i/(-10). What is the highest common factor of 16 and k?
16
Let m(v) 